02 - -121?
110110000
In base 3, what is 11 + 111012000?
111012011
In base 9, what is -2624268 - 4?
-2624273
In base 8, what is 0 + -1044246?
-1044246
In base 11, what is -1 - 24516?
-24517
In base 3, what is -11201012200 - 100?
-11201020000
In base 12, what is 4804 + 25?
4829
In base 6, what is -1052 + 2134?
1042
In base 13, what is -1c5 + -15?
-20a
In base 2, what is 10001101111100111 + -10?
10001101111100101
In base 12, what is 22300 - 1?
222bb
In base 3, what is -10110012120 + -110?
-10110020000
In base 7, what is -3 + -1314655?
-1314661
In base 14, what is 570 - -11a?
68a
In base 3, what is -10 - -100000210?
100000200
In base 10, what is 5 + -895?
-890
In base 7, what is 622423 + 1?
622424
In base 7, what is -1 + -153453?
-153454
In base 3, what is 11222101222 + 22?
11222102021
In base 15, what is -30a5d - -2?
-30a5b
In base 16, what is -4965 + 0?
-4965
In base 2, what is -10011 - 1001000101001011?
-1001000101011110
In base 2, what is 1101011011 + -1011110110?
1100101
In base 13, what is 36 + -16?
20
In base 16, what is -22 - f5a4?
-f5c6
In base 3, what is 1000221 + -1210?
222011
In base 11, what is 0 - 8516?
-8516
In base 13, what is 17a01 + 0?
17a01
In base 10, what is -2 + -121185?
-121187
In base 6, what is -4 - -20254?
20250
In base 7, what is -351 + -13502?
-14153
In base 12, what is -3 - 3467?
-346a
In base 9, what is 681564 + 2?
681566
In base 16, what is 11cf - 17?
11b8
In base 14, what is -b4b8 + -1?
-b4b9
In base 14, what is 1a + 2a?
46
In base 2, what is -101 - -101001101100010000001?
101001101100001111100
In base 9, what is -130 - 1725?
-1855
In base 10, what is 14 - 43170?
-43156
In base 4, what is 30003 - -111?
30120
In base 16, what is 20 - -963?
983
In base 5, what is 202042203 - 3?
202042200
In base 14, what is -113 + a3?
-50
In base 11, what is -18 + 39527?
3950a
In base 13, what is -b - 29943?
-29951
In base 11, what is 1309 + -603?
806
In base 5, what is -30 - 2041114?
-2041144
In base 11, what is 4 + -5329?
-5325
In base 9, what is 53484 + 45?
53540
In base 3, what is 221 + -1200?
-202
In base 4, what is -1200032023 - -10?
-1200032013
In base 4, what is -1021 + -1322320?
-1330001
In base 13, what is 1 + 224c3?
224c4
In base 8, what is -10655 + -2?
-10657
In base 13, what is -12c665 + 0?
-12c665
In base 14, what is 3936 + 1c?
3954
In base 15, what is -97c + a?
-972
In base 3, what is 1012220 + -111101?
201112
In base 14, what is -3c24d - -10?
-3c23d
In base 8, what is -15 + -16515?
-16532
In base 3, what is 202111111202 + 2?
202111111211
In base 3, what is 102000021 + 12?
102000110
In base 14, what is 144885 - 2?
144883
In base 13, what is -5 - 1c10?
-1c15
In base 13, what is -1 + -84cb2?
-84cb3
In base 6, what is -43 + -20?
-103
In base 16, what is -2c - -9a1?
975
In base 11, what is 1 - 901?
-900
In base 13, what is 70c - 51a?
1c2
In base 7, what is -13 + 12203?
12160
In base 16, what is 2 - -202b?
202d
In base 7, what is 11413 + 5?
11421
In base 2, what is -10000010100101 + 1?
-10000010100100
In base 9, what is 735253 + 0?
735253
In base 2, what is -101001010111 + 100?
-101001010011
In base 13, what is 1262 + -27c?
cb3
In base 4, what is -1111302 + -3?
-1111311
In base 10, what is 0 - -177186?
177186
In base 15, what is -d3b5 - 4?
-d3b9
In base 5, what is -2214233 - 24?
-2214312
In base 16, what is 5c + -10b0?
-1054
In base 14, what is -74 - -6d2?
65c
In base 16, what is -144a + -7?
-1451
In base 15, what is -2e - -2294?
2265
In base 9, what is -217788 + 4?
-217784
In base 6, what is 5 + -4125343?
-4125334
In base 2, what is 101110 - 1100101?
-110111
In base 12, what is -4 + -3370a8?
-3370b0
In base 8, what is -3 - 715423?
-715426
In base 7, what is -312061 + -16?
-312110
In base 2, what is -110100 - -10001001101101?
10001000111001
In base 14, what is 7 + -10d0?
-10c7
In base 2, what is -100011111010101 - -1?
-100011111010100
In base 16, what is 0 - 41c4e?
-41c4e
In base 8, what is -515472 - 4?
-515476
In base 10, what is 5830 + -1?
5829
In base 5, what is -2330 + -12342?
-20222
In base 7, what is -133251 - -3?
-133245
In base 7, what is -5121 - -253?
-4535
In base 7, what is 132064 - 116?
131645
In base 13, what is -8bb + -12?
-900
In base 16, what is -1f - -10aff?
10ae0
In base 10, what is 5074 + -5?
5069
In base 15, what is 0 + -186d21?
-186d21
In base 15, what is -292d - -93?
-288a
In base 12, what is 263371 - -5?
263376
In base 9, what is -16514 + -62?
-16576
In base 13, what is 0 + -92?
-92
In base 8, what is 0 - -43346?
43346
In base 2, what is 1000011100001 + -10101?
1000011001100
In base 10, what is 5 - -4870?
4875
In base 14, what is 14d9 + -198?
1341
In base 14, what is 2 + -27167?
-27165
In base 13, what is 260a19 + 4?
260a20
In base 5, what is 1310133 + -22?
1310111
In base 8, what is -13635302 - 5?
-13635307
In base 9, what is -3 - -26023?
26020
In base 11, what is 87905 + 1?
87906
In base 8, what is 3 - -1733462?
1733465
In base 6, what is 0 - 155504?
-155504
In base 6, what is 11131 + -30141?
-15010
In base 7, what is 152 + 514?
666
In base 2, what is -1 - -100111101011101?
100111101011100
In base 16, what is -8f12 - -4?
-8f0e
In base 6, what is 2031 + 0?
2031
In base 16, what is -a7361 - -1?
-a7360
In base 3, what is 22122100 + 200202?
100100002
In base 7, what is -23252 + -2?
-23254
In base 15, what is 167c - -e5?
1772
In base 11, what is 635926 + -2?
635924
In base 16, what is f48 - -2?
f4a
In base 8, what is 5 + -1307411?
-1307404
In base 11, what is 87 + 59?
135
In base 13, what is 0 + 5939?
5939
In base 9, what is 35323 + -38?
35274
In base 3, what is -212 + 111210011?
111202022
In base 16, what is -9fb4 + 17?
-9f9d
In base 7, what is -25 - 1116256?
-1116314
In base 3, what is 200001 - -10?
200011
In base 16, what is -7eed - 8?
-7ef5
In base 6, what is 3025 - -312?
3341
In base 12, what is -245 - 1703?
-1948
In base 6, what is -3 - -142325?
142322
In base 2, what is 10111011110 + -100000010?
10011011100
In base 10, what is 6 - -101?
107
In base 4, what is 10333302 + -3?
10333233
In base 7, what is -12640203 + -4?
-12640210
In base 11, what is -121a - -a1?
-1129
In base 2, what is -1011 - -1011001010100?
1011001001001
In base 16, what is -8f5 - -33?
-8c2
In base 10, what is -347 + -1489?
-1836
In base 14, what is 0 + 9012?
9012
In base 6, what is 2000 - 432?
1124
In base 16, what is -11 + -5b64?
-5b75
In base 14, what is 789 + -45?
744
In base 13, what is -210897 + -1?
-210898
In base 11, what is -3846 - -5?
-3841
In base 10, what is 58 + -371?
-313
In base 2, what is -1100100 + 1110001000?
1100100100
In base 7, what is -16 + -2422246?
-2422265
In base 5, what is -3014 + -10?
-3024
In base 15, what is -5 + -581d?
-5823
In base 9, what is -78447 - 1?
-78448
In base 11, what is 1 - -1214413?
1214414
In base 5, what is -23 - -33124?
33101
In base 15, what is 3 + a07ca?
a07cd
In base 12, what is -37b400 + -2?
-37b402
In base 13, what is 8 - -194a4a?
194a55
In base 10, what is -426 + -1?
-427
In base 6, what is 35243520 - -4?
35243524
In base 7, what is 0 + -3602?
-3602
In base 9, what is 11613 - -7?
11621
In base 5, what is -413 + -243434?
-244402
In base 2, what is 0 - 1110010000111111110?
-1110010000111111110
In base 15, what is -51 + 155ae?
1555d
In base 8, what is 642 + 657?
1521
In base 12, what is -39 + -59b5?
-5a32
In base 7, what is -13 + 31220?
31204
In base 6, what is 5 - -341351?
341400
In base 8, what is 250051 + -3?
250046
In base 3, what is 102000 + -202000?
-100000
In base 7, what is 12101261 - -1?
12101262
In base 5, what is -24421 - 144?
-30120
In base 12, what is -4 - 75858?
-75860
In base 16, what is -131350 + 2?
-13134e
In base 2, what is 1 + -111100101100110111?
-111100101100110110
In base 6, what is -1155 + 310?
-445
In base 3, what is 11 + -1221021011?
-1221021000
In base 16, what is 1 - -14c11?
14c12
In base 11, what is -5 - 34078?
-34082
In base 6, what is -101 + -325130?
-325231
In base 13, what is -5 + -267?
-26c
In base 7, what is -1136 + 2343?
1204
In base 4, what is 102 - -12113322?
12120030
In base 16, what is -bc + 8ff?
843
In base 12, what is -2b + 2a126?
2a0b7
In base 5, what is 1423 + -1321?
102
In base 3, what is -10110200 - -100?
-10110100
In base 11, what is 1 - -1789?
178a
In base 6, what is -2412 + -2230?
-5042
In base 9, what is 80476 + 0?
80476
In base 